ainder when 293651 is divided by 36705?
11
What is the remainder when 187828226 is divided by 28?
26
What is the remainder when 15787 is divided by 831?
829
Calculate the remainder when 21050 is divided by 584.
26
Calculate the remainder when 942886 is divided by 496.
486
Calculate the remainder when 431299 is divided by 3344.
3267
Calculate the remainder when 140021 is divided by 712.
469
What is the remainder when 4144296 is divided by 1285?
171
Calculate the remainder when 49114359 is divided by 1166.
107
What is the remainder when 9631274 is divided by 1076?
1074
Calculate the remainder when 765375 is divided by 254617.
1524
Calculate the remainder when 130553 is divided by 130424.
129
What is the remainder when 47291 is divided by 6694?
433
Calculate the remainder when 54345554 is divided by 173.
26
Calculate the remainder when 1610086 is divided by 35779.
31
Calculate the remainder when 1323882 is divided by 147077.
189
What is the remainder when 26099588 is divided by 2890?
2888
What is the remainder when 44977 is divided by 2550?
1627
What is the remainder when 7017290 is divided by 44?
38
Calculate the remainder when 286684 is divided by 586.
130
What is the remainder when 7213569 is divided by 15?
9
What is the remainder when 4553860 is divided by 758967?
58
Calculate the remainder when 360596 is divided by 260.
236
What is the remainder when 47341 is divided by 15754?
79
Calculate the remainder when 2772875 is divided by 172.
63
What is the remainder when 48754214 is divided by 146?
142
Calculate the remainder when 2778226 is divided by 384.
370
Calculate the remainder when 118596 is divided by 1041.
963
Calculate the remainder when 135682 is divided by 5716.
4214
What is the remainder when 1338834 is divided by 167?
162
Calculate the remainder when 327885 is divided by 4436.
4057
What is the remainder when 1641449 is divided by 9119?
29
Calculate the remainder when 349521 is divided by 7436.
29
What is the remainder when 165552655 is divided by 10530?
10525
What is the remainder when 74143 is divided by 8606?
5295
Calculate the remainder when 433643 is divided by 10082.
117
Calculate the remainder when 474397 is divided by 9930.
7687
Calculate the remainder when 733496 is divided by 91685.
16
What is the remainder when 29700556 is divided by 3999?
3982
What is the remainder when 28925670 is divided by 569?
555
What is the remainder when 3064060 is divided by 5048?
4972
Calculate the remainder when 1445636 is divided by 34.
24
Calculate the remainder when 13998 is divided by 696.
78
What is the remainder when 607687 is divided by 101277?
25
Calculate the remainder when 7630841 is divided by 104532.
5
Calculate the remainder when 20195944 is divided by 3404.
12
What is the remainder when 3262603 is divided by 35?
8
What is the remainder when 29332332 is divided by 30?
12
What is the remainder when 2021593 is divided by 40431?
43
What is the remainder when 81305880 is divided by 9323?
9320
Calculate the remainder when 1258793 is divided by 9609.
14
What is the remainder when 30254679 is divided by 10084888?
15
What is the remainder when 12929980 is divided by 6464963?
54
Calculate the remainder when 4556422 is divided by 6642.
10
What is the remainder when 2139739 is divided by 4070?
2989
What is the remainder when 81144649 is divided by 418?
399
Calculate the remainder when 153580 is divided by 76.
60
Calculate the remainder when 261474 is divided by 1721.
1603
What is the remainder when 40389 is divided by 561?
558
What is the remainder when 14776543 is divided by 99?
1
What is the remainder when 209664 is divided by 901?
632
Calculate the remainder when 10061 is divided by 9047.
1014
Calculate the remainder when 20352682 is divided by 4708.
4706
Calculate the remainder when 5341403 is divided by 42392.
11
What is the remainder when 25215465 is divided by 8405093?
186
What is the remainder when 96419 is divided by 230?
49
Calculate the remainder when 4423949 is divided by 41.
8
What is the remainder when 17305 is divided by 217?
162
Calculate the remainder when 443438 is divided by 1724.
370
Calculate the remainder when 8312434 is divided by 24094.
4
Calculate the remainder when 648045 is divided by 2147.
1798
Calculate the remainder when 432574 is divided by 19659.
76
What is the remainder when 25006 is divided by 5931?
1282
What is the remainder when 895157 is divided by 42623?
74
What is the remainder when 302616 is divided by 1965?
6
What is the remainder when 814211 is divided by 693?
629
Calculate the remainder when 13292252 is divided by 4582.
4452
What is the remainder when 760444727 is divided by 696?
695
Calculate the remainder when 21482557 is divided by 18.
7
What is the remainder when 95918 is divided by 13091?
4281
What is the remainder when 384116 is divided by 792?
788
What is the remainder when 222136 is divided by 3774?
3244
What is the remainder when 1048304 is divided by 47649?
26
Calculate the remainder when 7917138 is divided by 53.
51
What is the remainder when 45686848 is divided by 1359?
1345
Calculate the remainder when 3017619 is divided by 201168.
99
Calculate the remainder when 1905137 is divided by 3499.
1681
Calculate the remainder when 109456 is divided by 1352.
1296
Calculate the remainder when 1481917 is divided by 246974.
73
Calculate the remainder when 234923 is divided by 58582.
595
What is the remainder when 338033 is divided by 155?
133
Calculate the remainder when 9391464 is divided by 118.
80
What is the remainder when 99598997 is divided by 548?
545
What is the remainder when 12649 is divided by 3288?
2785
What is the remainder when 20900302 is divided by 10?
2
Calculate the remainder when 25679595 is divided by 1069982.
27
Calculate the remainder when 2872547 is divided by 13744.
51
What is the remainder when 842981 is divided by 145?
96
What is the remainder when 21407218 is divided by 60?
58
What is the remainder when 22682859 is divided by 103?
96
Calculate the remainder when 1174614 is divided by 7732.
7082
Calculate the remainder when 2355589 is divided by 13537.
151
What is the remainder when 956377 is divided by 2959?
620
Calculate the remainder when 23899 is divided by 11318.
1263
Calculate the remainder when 14432 is divided by 13464.
968
Calculate the remainder when 139519016 is divided by 33.
32
Calculate the remainder when 5104037 is divided by 577.
472
What is the remainder when 86685 is divided by 21?
18
What is the remainder when 3349665 is divided by 60?
45
Calculate the remainder when 29619185 is divided by 346.
201
Calculate the remainder when 18894 is divided by 9377.
140
Calculate the remainder when 5441938 is divided by 15460.
18
Calculate the remainder when 65378 is divided by 42.
26
What is the remainder when 185061 is divided by 59488?
6597
What is the remainder when 515764 is divided by 11063?
6866
What is the remainder when 46109 is divided by 11441?
345
Calculate the remainder when 19780604 is divided by 6107.
31
What is the remainder when 432950 is divided by 144258?
176
What is the remainder when 772538 is divided by 9656?
58
Calculate the remainder when 30880 is divided by 26790.
4090
What is the remainder when 1086877 is divided by 10?
7
Calculate the remainder when 3822424 is divided by 1443.
1360
Calculate the remainder when 253847 is divided by 1263.
1247
What is the remainder when 6092837 is divided by 1218554?
67
What is the remainder when 5344130 is divided by 77451?
11
Calculate the remainder when 1431781 is divided by 119315.
1
Calculate the remainder when 3661331 is divided by 8615.
8571
What is the remainder when 47019 is divided by 23453?
113
Calculate the remainder when 60886 is divided by 1448.
70
What is the remainder when 656564 is divided by 441?
356
What is the remainder when 5838207 is divided by 7826?
11
What is the remainder when 31342 is divided by 206?
30
Calculate the remainder when 6527 is divided by 5447.
1080
Calculate the remainder when 167212431 is divided by 87.
84
What is the remainder when 50890 is divided by 50701?
189
Calculate the remainder when 286892 is divided by 38.
30
Calculate the remainder when 108738028 is divided by 21.
7
Calculate the remainder when 3521178 is divided by 8095.
7948
Calculate the remainder when 1